at is the units digit of v?
5
Suppose 0 = -3*t + 3*p + 156, -2*t = 5*p - 57 - 75. What is the tens digit of t?
5
Suppose 0 = 13*f - 6*f - 441. What is the tens digit of f?
6
Let a(w) = -4*w + 8. Suppose 1 + 3 = -r. What is the units digit of a(r)?
4
Let x(h) be the second derivative of h**5/20 + 3*h**4/4 - 5*h**3/3 + 13*h**2/2 - 3*h. What is the units digit of x(-10)?
3
What is the units digit of ((-63)/4)/(-5 + (-154)/(-32))?
4
What is the units digit of 1 - 2 - (5 + -30)?
4
Let o be (16/(-3))/(-4)*3. Let c = -46 - -48. Let r = o + c. What is the units digit of r?
6
Let u = -11 - -15. Suppose 3*k - 7 = -3*s + 2, 11 = u*k + 5*s. Suppose -4*w + 8 = 0, -2*h - 3 = -h - k*w. What is the units digit of h?
5
Let q = -53 + 97. Suppose 4*l = 3*h + 44, 4*l - 2*h + h - q = 0. What is the tens digit of l?
1
Let k(j) = -j**3 + 11*j**2 - 13*j + 14. What is the hundreds digit of k(8)?
1
Let i be (-4)/6 - (-62)/(-6). Let r be 4/(-6) - i/3. Let h = -2 + r. What is the units digit of h?
1
Let i(f) be the third derivative of 11/6*f**3 + 0 - 1/24*f**4 + 1/60*f**5 + 0*f + 2*f**2. What is the tens digit of i(0)?
1
Suppose -203 = -3*j + p, 3*j - 223 = 5*p - 0*p. What is the units digit of j?
6
Let q(o) be the third derivative of -o**4/12 + 2*o**3/3 + 6*o**2. What is the tens digit of q(-4)?
1
Let i be 101/3 + (-8)/(-24). Suppose 0 = 5*s - i - 41. What is the tens digit of s?
1
Suppose 0 = 3*v - 3*p, -5*v - 5*p = 22 - 62. Let b = -2 + v. What is the units digit of b?
2
Let o be 2/(-4) + 42/12. Suppose o*g = -2*l - g + 40, 4*l - 2*g = 40. What is the units digit of l?
2
Let p(s) = s**3 - 3*s**2 + 4*s - 2. Let m be p(2). Suppose -22 = -2*f - 5*b, -f + 5*b = m*f - 33. What is the units digit of f?
1
Suppose -g + 4*l = 2*g, 3*l = 3*g - 3. Let t be (2/4)/(g/112). Suppose w = -w + t. What is the units digit of w?
7
Suppose -6*n = -n - 20. Suppose q + b = 3*b + 28, 4*q = -n*b + 52. What is the units digit of q?
8
Suppose -91 + 486 = 5*l. What is the units digit of l?
9
Let a(i) = -i + 2. Let p(b) = b**3 + 4*b**2 - 3. Let n be p(-4). Let o be a(n). Suppose -3*m + o*m - 6 = 0. What is the units digit of m?
3
Suppose 0*x - 12 = -4*x. What is the units digit of x?
3
Suppose 3 = -y + 2*y. Suppose d = -y*d + 24. What is the units digit of d?
6
Suppose y = 5*q - 185, 0*y + 21 = q + 3*y. Let b = q - 23. What is the units digit of b?
3
Let m = -274 - -602. What is the hundreds digit of m?
3
Let v = -295 - -523. What is the hundreds digit of v?
2
Let j = 106 + 81. What is the hundreds digit of j?
1
Suppose -5*z + v + 75 = -4*z, -2*z - v + 159 = 0. What is the tens digit of z?
7
Suppose -i + 0 = -4. Suppose -4*s - i*q = -80, -5*s + 45 = 4*q - 50. What is the tens digit of s?
1
Let d(l) = 19*l + 9. What is the units digit of d(8)?
1
Let j(i) = -4*i**2 + 54. What is the units digit of j(0)?
4
Suppose -y - 6 = -5*q, 0 = 3*y + 3*q - 17 - 1. Let h = 1 + y. Let n(t) = -t + 6. What is the units digit of n(h)?
1
Let j(x) = x + 2. Let q(s) = -s**2 - 5*s + 4. Let b be q(-6). Let u be j(b). Suppose u*l + 2*l = 12. What is the units digit of l?
6
Suppose 2*j - 16 = -2*j. Suppose -j*z = -138 - 110. Suppose 0 = -3*l - 26 + z. What is the units digit of l?
2
Let j(t) = t + 7. Let f be j(4). Let o = f + -2. What is the units digit of o?
9
Let x(u) = 5*u**2 + u + 10. What is the units digit of x(3)?
8
Let q(l) = l - 2. Let j be q(6). Suppose y - 1 = -2*t - 23, 0 = j*t + y + 44. Let p = t - -19. What is the units digit of p?
8
Let i be 8*(3/2)/3. Suppose u = 4*p + 1 - i, -2*u + 5*p = -3. What is the units digit of u?
9
Let p be 7 + (0 - (0 + 0)). Suppose 4*d = 5 + p. What is the units digit of d/(3/(-18)*-3)?
6
What is the tens digit of 118/3 - 32/(-48)?
4
Suppose -2*y - 13 = 5*o, 5*y = -2*o - 2*o - 7. Let x be (-9)/(-6)*(-1 + 3). Suppose -x = -p + y. What is the units digit of p?
4
Suppose 3*a + 29 - 275 = 0. What is the units digit of a?
2
Suppose 2*u - 3*u = -143. What is the tens digit of u?
4
Let t(z) = -z**2 - 9*z + 3. What is the tens digit of t(-7)?
1
Suppose 0 = 7*x - 2*x - 325. Suppose -x = -5*o - 0. What is the units digit of o?
3
Let g = -4 + 3. Let f(m) = -5*m - 1. What is the units digit of f(g)?
4
Suppose 2*w + 3*w = 25. Suppose 0 = -p - 2*p + 57. Suppose -w*g + p = -16. What is the units digit of g?
7
Suppose 8 = 4*a, 152 = 4*q - a - 790. What is the tens digit of q?
3
Suppose 2*o = -4*g + 140, 74 = -0*g + 2*g - o. What is the units digit of g?
6
Suppose 4*c + 76 = -4*f, 2*f - 4*c + 50 = -0*f. Let t = -15 - f. Suppose -4*i + 10 = -t. What is the units digit of i?
4
Suppose -2*a = 2*i + 4, -4*a + 5 + 2 = i. Let q(h) = h**3 + 5*h**2 + 3*h - 3. Let v be q(i). What is the units digit of ((-2)/3)/(3/v)?
4
Let s(i) = 6*i**2 - 1. Let m be s(1). What is the tens digit of ((-80)/25)/((-1)/m)?
1
Suppose z - 5 = 1. Suppose -10 = z*i - i. Let v = i - -4. What is the units digit of v?
2
Let u(c) = c**3 + 12*c**2 + 14*c - 6. What is the tens digit of u(-10)?
5
Let o(p) = p**3 + 3*p**2 + 7*p - 12. What is the tens digit of o(3)?
6
Let a = 4 + -7. Let u = 23 + a. What is the units digit of u?
0
Let f(g) = 3*g**2 + 1. Let x be f(1). Let v(j) = -j**3 - 7*j**2 - 2*j - 8. Let o be v(-7). Suppose 0 = -o*t + x*t + 10. What is the units digit of t?
5
What is the tens digit of (39/(-2) - 3/2)/(-1)?
2
Let u = 3 + 185. What is the units digit of u?
8
Suppose -4*y + 272 = -5*z, -4*y - 73 = z - 9. Let d = z + 81. What is the tens digit of d?
2
Suppose -2*m + 16 = 3*g, 3*g - 6*g = -12. Suppose 0 = -2*w - m*n + 22, 0 = -n + 5*n + 12. What is the units digit of w?
4
Suppose 2*l - 5*a + 4*a = 205, 0 = 5*l + a - 523. Suppose -2*b = -0*b - l. What is the tens digit of 2/(-5) + b/5?
1
Let j = 50 + -14. Let w = j - 21. What is the units digit of 2/(5/(w/6))?
1
Let s = -62 - -131. Let d = s + -40. What is the tens digit of d?
2
Let p(u) be the third derivative of -7*u**4/24 - 2*u**3/3 + 2*u**2. Let b(f) = 1. Let m(a) = b(a) + p(a). What is the units digit of m(-2)?
1
Let t be (-3)/(-1) + (-6 - -24). What is the units digit of (1 - -2) + t + 0?
4
Suppose -6*p + 4*p = 2*b - 12, 6 = 4*p - 2*b. Let l be (4/3)/(1/p). Suppose 4*u + y - 20 = 0, -4*u + 48 = -l*y + 8. What is the units digit of u?
6
Let k(g) = -g**3 - 6*g**2 - 7*g - 14. Let p be k(-6). What is the units digit of 9/6*p/6?
7
Let k be (-1 - (-2)/1) + 0. What is the units digit of 22/3*3/k?
2
Suppose -12 = s + 4*q, -2*s + 7*s - 2*q - 28 = 0. Suppose 10 = s*u - 2, -3*y - 3*u = -48. What is the tens digit of y?
1
Let l(j) = j**2 - 14*j - 13. Let q be l(15). Let a = q + 29. What is the units digit of a?
1
Let z(u) = 2*u**3 + 5*u**2 + 3*u - 23. Let v(n) = 3*n**3 + 8*n**2 + 5*n - 35. Let p(s) = 5*v(s) - 8*z(s). What is the units digit of p(0)?
9
Let a(i) = -118*i + 11. Let v be a(-4). What is the tens digit of (6/9)/(7/v)?
4
Let z(r) = r**2. Let a(c) = 9*c**2 + 2*c - 2. Let b(d) = a(d) - 6*z(d). What is the tens digit of b(-4)?
3
Let k(m) = 2*m**3 - m**3 + 6 - m**2 - m**2 - 5*m**2 - 2*m. Let o be k(7). Let u = -3 - o. What is the units digit of u?
5
Let o(f) = -4*f**3 + 5*f**2 + 4*f - 1. Let g(v) = -5*v**3 + 6*v**2 + 5*v - 1. Let y(k) = 5*g(k) - 6*o(k). What is the units digit of y(-2)?
7
Suppose -2*k = -l + 290, 2*l = 5*k + 282 + 298. What is the hundreds digit of l?
2
What is the units digit of (127 + 0)*(-7 - -9)?
4
Let f = -10 - -25. Let w = -8 + f. What is the units digit of 16/7 - 2/w?
2
Suppose b + 2*b + 2*o - 17 = 0, -5*o + 11 = -3*b. Suppose 9 = -b*z + 36. What is the units digit of z?
9
Let k be 5 + -4 + 2 - 3. Suppose -h + k = -13. What is the tens digit of h?
1
Suppose x = 2*x - 3. Suppose -l = w + 4*l - 21, -5*w + 83 = x*l. Suppose -8 - w = -3*c. What is the units digit of c?
8
Suppose -5*p + 1475 = 3*z, -p + 4*p + 4*z - 896 = 0. What is the units digit of p?
2
Let b = 12 - -17. What is the units digit of b?
9
Let b(g) = -g - 2 + 2*g - 4 + g**2. What is the tens digit of b(-5)?
1
Suppose -4*f + 263 = -3*a, 3*a = -3*f + 232 - 19. Let q = f - 27. Suppose 11 = 2*k - g, k + 2*g - q = -4*k. What is the units digit of k?
7
Let o(p) = p**3 - 4*p**2 + 2*p + 1. Let y(r) = -3*r + 12. Let v be y(9). Let w = -11 - v. What is the units digit of o(w)?
9
Let l(j) = 14*j - 11. What is the tens digit of l(6)?
7
Let w(b) = 2*b**2 + 16*b - 5. What is the tens digit of w(-12